{"id":650,"date":"2020-06-20T13:49:00","date_gmt":"2020-06-20T10:49:00","guid":{"rendered":"http:\/\/ozayviol.com\/?page_id=650"},"modified":"2020-06-20T13:49:00","modified_gmt":"2020-06-20T10:49:00","slug":"euro-kapak","status":"publish","type":"page","link":"https:\/\/ozayviol.com\/?page_id=650","title":{"rendered":"Euro kapak"},"content":{"rendered":"\n<p>Yumurta Boyutu: M-L (60-70 gram)<br>A\u011f\u0131rl\u0131k : 45 gram. (+- 3gr.)<br>Renkler : Naturel,Violet,Sar\u0131,Ye\u015fil,Pempe<br>Paket Adedi : 140<br>Kapasite : 30 Yumurta<\/p>\n","protected":false},"excerpt":{"rendered":"<p>Yumurta Boyutu: M-L (60-70 gram)A\u011f\u0131rl\u0131k : 45 gram. (+- 3gr.)Renkler : Naturel,Violet,Sar\u0131,Ye\u015fil,PempePaket Adedi : 140Kapasite : 30 Yumurta<\/p>\n","protected":false},"author":1,"featured_media":651,"parent":0,"menu_order":0,"comment_status":"closed","ping_status":"closed","template":"","meta":[],"aioseo_notices":[],"_links":{"self":[{"href":"https:\/\/ozayviol.com\/index.php?rest_route=\/wp\/v2\/pages\/650"}],"collection":[{"href":"https:\/\/ozayviol.com\/index.php?rest_route=\/wp\/v2\/pages"}],"about":[{"href":"https:\/\/ozayviol.com\/index.php?rest_route=\/wp\/v2\/types\/page"}],"author":[{"embeddable":true,"href":"https:\/\/ozayviol.com\/index.php?rest_route=\/wp\/v2\/users\/1"}],"replies":[{"embeddable":true,"href":"https:\/\/ozayviol.com\/index.php?rest_route=%2Fwp%2Fv2%2Fcomments&post=650"}],"version-history":[{"count":1,"href":"https:\/\/ozayviol.com\/index.php?rest_route=\/wp\/v2\/pages\/650\/revisions"}],"predecessor-version":[{"id":652,"href":"https:\/\/ozayviol.com\/index.php?rest_route=\/wp\/v2\/pages\/650\/revisions\/652"}],"wp:featuredmedia":[{"embeddable":true,"href":"https:\/\/ozayviol.com\/index.php?rest_route=\/wp\/v2\/media\/651"}],"wp:attachment":[{"href":"https:\/\/ozayviol.com\/index.php?rest_route=%2Fwp%2Fv2%2Fmedia&parent=650"}],"curies":[{"name":"wp","href":"https:\/\/api.w.org\/{rel}","templated":true}]}}